-9
Let d(k) be the first derivative of -k**2 - 7*k + 1/3*k**3 + 9. Determine d(5).
8
Suppose 0 = -3*z + z. Suppose z*u = 3*u + 6. Let q(g) = -2*g**2 - g. What is q(u)?
-6
Let c(o) = 11*o**2 - 3*o + 5. Let u(s) = -6*s**2 + 2*s - 3. Let d(b) = 3*c(b) + 5*u(b). What is d(-1)?
2
Let t(m) = -14*m**2 + 5*m - 9. Let n(b) = -5*b**2 + 2*b - 3. Let l = 1 + -9. Let u be (4 - l)*(-1)/(-2). Let k(r) = u*t(r) - 17*n(r). Calculate k(4).
-3
Let l(k) be the first derivative of -k**3/3 - 4*k**2 + 6*k + 50. Give l(-9).
-3
Let c(g) = 5*g**2 - 5*g + 3. Suppose 0*q = 3*q + 24. Let s(j) = 3*j**2 - 3*j + 2. Let u(i) = q*s(i) + 5*c(i). Give u(-1).
1
Suppose -15*k = 4*k + 19. Let l(h) = 10*h + 3. Let t(b) = 31*b + 10. Let a(p) = 7*l(p) - 2*t(p). What is a(k)?
-7
Let x be (-156)/15 - (-4)/10. Let z = 4 + x. Let j(p) = -3*p + 9. Let r(k) = 4*k - 10. Let b(h) = 6*j(h) + 5*r(h). What is b(z)?
-8
Let n = -437 + 441. Let r(a) = -5*a - 5. Let h(l) = 11*l + 10. Let m(j) = -2*h(j) - 5*r(j). Calculate m(n).
17
Let t(g) = g + 4. Suppose -s + 18 = 5*s. What is t(s)?
7
Let l(w) = -w**3 - 3*w**2 + 2*w. Suppose -6 = 2*o - 0. Give l(o).
-6
Let s(o) be the third derivative of o**4/4 - o**3/6 + o**2. Calculate s(-3).
-19
Let v(j) = j**2. Let y be v(2). Suppose 5*f = 2*f + r - 3, 0 = 4*f + 4*r + y. Let h(a) = 7 - 2*a - 8 + 0*a**2 - 6*a**2. Calculate h(f).
-5
Let c(d) = -d**2 - 8*d - 4. Let n(b) = 2*b**2 + 7*b - 23. Let z be n(-5). Give c(z).
-4
Let u(s) = 3*s. Let h be u(-3). Let b(f) = -f**2 - 11*f + 4. Calculate b(h).
22
Let a(s) = 2*s**2 + 2*s + 2. Suppose 0 = 3*y - 0*y + 15. Let i(x) = -x**2 - x - 1. Let r(m) = y*i(m) - 3*a(m). What is r(0)?
-1
Let g(u) = 4*u + 3. Let s = -10 - -12. Suppose -5*k - 5*n = -10, n + n - 12 = s*k. Calculate g(k).
-5
Let d(y) = y + 6. Suppose x + 3*l + 12 = -2*x, -10 = x - 2*l. Give d(x).
0
Let t(x) = -x**3 - 7*x**2 - 7*x - 6. Let a(b) = b**3 + 10*b**2 + 11*b + 12. Let l be a(-9). Let n(d) = d**2 + 8*d + 6. Let s be n(l). Determine t(s).
0
Let s(t) = -t + 6. Suppose 4*h - 8*h - 8 = 0. Let b be (h/2 + 2)*5. Give s(b).
1
Let k(w) = 5*w**3 - w**2 + 2*w - 6. Let t(r) = 4*r**3 + 2*r - 5. Let l(o) = -3*k(o) + 4*t(o). What is l(-2)?
-2
Let o(d) = d**3 + 5*d**2 + 4*d - 1. Let i be o(-3). Let y(p) = 2*p + 22. Let w(c) = -3*c - 40. Let s(j) = -4*w(j) - 7*y(j). Determine s(i).
-4
Let y = 4 - -2. Let g(n) = 6 - 3*n**3 + 2*n**3 + 5*n + 2*n**3 - 7*n**2. What is g(y)?
0
Suppose -3*b + 15 = -f, -5*b - 5*f + 39 = -b. Let l(s) = -s**3 + 5*s**2 - 4*s + 2. Let p be l(4). Let j(h) = -h - 3 - h**p + b*h + 4. Give j(5).
1
Suppose 5 + 1 = x. Suppose -4*b + 10 = -x. Let f(p) = p - p**3 - 4*p**2 + p - b*p - 3 + 5. Give f(-3).
-1
Suppose -5 = g - 2. Let o = 0 - g. Let r(l) = -l + 4*l**o - 3*l**2 - 5*l**3 + 4 + 2*l**2. Give r(0).
4
Let a = 5 - 5. Let v(h) = -1 - 2*h + 2 + a. Calculate v(-2).
5
Let c(x) = -x**2 + x. Let d = 32 + -33. Determine c(d).
-2
Let g(q) = 2*q - 2. Let b(l) = 1. Let s(i) = -2*b(i) - g(i). Determine s(3).
-6
Let y = 43 - 42. Let q(s) = 7*s**2 - 2*s + 1. Determine q(y).
6
Suppose 36 = 4*c - 2*r, 2*r + r - 9 = -3*c. Let v = c - 7. Suppose v = 5*y - 5, 5*x + y = -2*y + 3. Let i(z) = -z - 7. Determine i(x).
-7
Let g(f) = 6 - 4*f + 5 - 11. Calculate g(4).
-16
Let s(f) = -f**3 + 4*f**2 - 3*f + 2. Let v(a) = a + 5. Let n be v(-2). What is s(n)?
2
Let p(t) be the third derivative of -t**4/24 - 7*t**3/2 + 5*t**2. Calculate p(0).
-21
Let z(t) = -t**2 + 11. Let a(q) = -q**2 + 7. Let p(c) = -5*a(c) + 4*z(c). Suppose 0 = 2*u - 0*u. Calculate p(u).
9
Let t(k) = -2*k + 4 + k**2 - 1 - k. What is t(2)?
1
Let r(n) = -2*n**2 + 11*n - 11. Let d(p) = p**2 - 5*p + 5. Let y(i) = -13*d(i) - 6*r(i). Calculate y(1).
-1
Suppose 0 = 4*y - 2 - 14. Let b(z) = 1 - 3*z - 3 + y*z. Determine b(-2).
-4
Let z be 5/(-4) - 1/(-4). Let a(b) = -3. Let y(p) = -1. Let m(u) = -a(u) + 2*y(u). Let d(g) = -7*g - 6. Let c(i) = -d(i) - 5*m(i). Determine c(z).
-6
Let i = -4 - -10. Let p(g) = -g**3 + 6*g**2 + g + 1. Determine p(i).
7
Let z(q) = -3*q + 13. Let m(f) = 2*f - 9. Let h(u) = -8*m(u) - 5*z(u). Let d be h(5). Let o(a) = a**3 - 4*a**d + 3 + a - 5*a + 3*a. Give o(4).
-1
Let p(o) be the second derivative of -o**5/5 + o**4/12 + o**3/6 + o**2/2 - 8*o. Let s(u) = -u**2 - 1. Let m be s(0). What is p(m)?
5
Let a(b) = -b**3 + b - 1. Let v(c) = 11*c**3 + 2*c**2 + c - 2. Let x(z) = a(z) - v(z). What is x(1)?
-13
Suppose 6 = -0*j - 2*j - 2*c, -4*j = -3*c - 23. Let b(k) be the second derivative of -1/2*k**3 + 1/6*k**4 - k**j - 4*k + 0. What is b(3)?
7
Let o(j) = -3*j - 1. Let v(a) = 18*a. Let d be v(1). Suppose 0 = 2*k - 2*f - d, -5*k + 5*f + 40 = f. Suppose k*n = 3*n + 2. Calculate o(n).
-7
Let s(u) = 2*u + 3*u**2 + 2*u**2 - 3 + 4. Let k(r) = -10*r**2 - 4*r - 2. Let j(d) = 3*k(d) + 7*s(d). Let n be 1/3 - (-12)/(-9). Give j(n).
4
Let y(t) = -t**3 - 4*t**2 - t + 2. Let h = -6 + 6. Suppose 4*j - 3*z + 22 = h, 0 = 3*j + 2*j - 2*z + 24. Calculate y(j).
6
Let h = 18 + -7. Let x(k) = 3*k - 1. Let i(t) = -5*t + 2. Let w(u) = h*x(u) + 6*i(u). Give w(3).
10
Suppose 2*w = f - 8, 0*w - 2 = 2*f + 2*w. Let q(o) = -o + 4. Give q(f).
2
Let o(l) = -2*l - 2 + 1 + 3*l + 3*l**2 + 4*l**2. Give o(1).
7
Let m(b) be the second derivative of -b**3/2 + b**2/2 - 56*b - 3. Suppose -i = 2*f + 7, 0 = 2*i + 3*i - f - 9. Calculate m(i).
-2
Let j(k) = 4*k + 6*k - 3*k. Let r(o) = 3*o**3 + o**2 - o. Let w be r(-1). Calculate j(w).
-7
Let q(g) = g + 3. Let y(p) = -2*p + 35. Let v be y(20). What is q(v)?
-2
Let b(m) = -3*m**2 + 9*m + 15. Let w(h) = -h**2 + 3*h + 5. Let n(c) = 2*b(c) - 7*w(c). Let x be n(4). Let z(d) = -d**2. Determine z(x).
-1
Let y(g) be the third derivative of 4*g**2 - 1/12*g**4 + 0 + 0*g**3 + 0*g + 1/60*g**6 + 1/30*g**5. What is y(-2)?
-4
Let p be (16/(-8))/(3 - 1). Let x(b) be the second derivative of -3*b**5/20 - b**3/6 + 6*b. Give x(p).
4
Let j(o) = 0*o + 1 + o - 2*o. Let p be 2/6 - (-32)/12. Suppose 0 = -p*s - 4*t + 24, 9*s - 2*t - 14 = 4*s. Give j(s).
-3
Let w be 15 - 2/(-3)*3. Suppose 3*u - u - w = z, 4 = -u - 2*z. Let g(d) = -2*d + u + 5*d - 2*d + 0*d. Give g(-3).
3
Let b be (-12)/(-10) + (-3)/15. Let a(c) = -b - c**3 - c + 6 + 3. Calculate a(0).
8
Let z(b) = 5*b**3 + b**2 + 3*b - 8. Let u(s) = -s**3 - s + 2. Let c = -8 + 12. Let m be 6/c - 1/(-2). Let g(k) = m*z(k) + 9*u(k). What is g(-3)?
2
Suppose 2*v + 0*v + 12 = 0. Let r = v + 9. Let y = r - 4. Let g(u) = -10*u - 1. Give g(y).
9
Let k(g) = -g**2 + g - 1. Let u(l) = l**3 + 9*l**2 + 5*l. Let w(j) = 2*k(j) + u(j). Calculate w(-6).
-8
Let u = 100 + -104. Let y(h) be the first derivative of -h**4/4 - 5*h**3/3 - 2*h**2 + 5*h + 1. Determine y(u).
5
Let q(i) = -42*i**2 - 2*i + 41*i**2 - 1 + i. Determine q(0).
-1
Suppose 4*m - 17 = -5*i - 78, 0 = 2*i + 10. Let u be (-6)/(-4)*(-12)/m. Let l(x) = -x**2 - x**3 - u*x - 4*x**2 - x. Determine l(-4).
-4
Let g(d) = -d**2 + 16*d - 20. Let u be g(14). Let h = u - 9. Let w(f) = 4*f**2 - f - 1. Calculate w(h).
4
Let l(c) = 1 - 2*c**2 + 0 + 25*c**3 - 26*c**3 + 0*c**2 + 2*c. Determine l(2).
-11
Let b(n) = -n**3 + 3*n - 1. Suppose -4*m - 5*j = -3, 0 = -3*m - 3*j + 2*j + 5. Give b(m).
-3
Let h(w) = -w**2 - 6*w. Suppose -u + 33 = 2*u. Let k = u + -15. What is h(k)?
8
Suppose -o + 50 = l + 2*o, -5*o = 4*l - 172. Let x be l/12 - 10/60. Let f(p) = -p**3 + 4*p**2 + p. What is f(x)?
12
Let l(t) = 2*t. Let a(n) = n + 1. Let d(b) = 3*a(b) - l(b). Let m = 3 + 0. Give d(m).
6
Let r(t) = 4*t - 3. Let o(n) = -54 - 6 + 91*n - 7*n - 15*n. Let q(a) = 17*a - 15. Let j(g) = -4*o(g) + 15*q(g). Let b(y) = -2*j(y) - 11*r(y). What is b(4)?
-5
Suppose 0 = -3*y + 12, 0 = 5*v - 0*y + y + 21. Let i be 19/v - 3/15. Let f(l) = -l**3 - 5*l**2 - 4*l + 2. Give f(i).
2
Suppose -h + 1 = -2*h. Let w(i) = i - 1. Let o(f) = f**2 - 2*f + 4. Let g(k) = h*o(k) - 4*w(k). Give g(-1).
1
Let o(s) = 2*s - 4. Let x(d) = d**3 - 7*d**2 - 5*d - 8. Let j(a) = -a**3 + 5*a**2 - a - 4. Let g be j(4). Let i be x(g). Suppose -m = 3*m - i. Calculate o(m).
4
Let l(y) = 6*y + y**2 - 1 - y**3 - 5*y - y**3. What is l(1)?
-1
Let f(s) = 2*s**2 + 2*s - s**2 + 6 - 4*s - 5. Calculate f(2).
1
Let b(z) = 2*z + 2. Suppose 0 = -u - 3*i + i + 21, 3*i = u + 4. Suppose -3 = 2*d + l, -2*d = -d + 3*l - u. What is b(d)?
-6
Let h(u) = -24*u + 15. Let n(j) = 11*j - 7. Let a(q) = -6*h(q) - 13*n(q). Calculate a(7)